et v(p) = p**3 - 27*p**2 - 27*p - 33. What is v(t)?
-5
Suppose -3*y - 15 = -0*y. Let n(j) = 1. Let g(w) = 3*w + 4. Let z(r) = -g(r) + 3*n(r). Let k(c) = -c. Let f(v) = -10*k(v) + 4*z(v). What is f(y)?
6
Suppose -12 = -0*k + 2*k. Suppose 12*x + 112 = 16*x. Let l(v) = x + v - 64 + 39. Determine l(k).
-3
Let f be 5/(-1)*(2 + -3). Let y(p) = 20*p - 50. Let o(w) = 7*w - 17. Suppose -2*c - 6 = 0, 62 + 14 = 5*k + 3*c. Let q(d) = k*o(d) - 6*y(d). Calculate q(f).
6
Let o(g) = g + 2. Suppose -71 = 4*c - 47. What is o(c)?
-4
Let y be 22/6 + (-1)/(-3). Suppose -3*f - 7 = -y. Let n(q) = 12*q. What is n(f)?
-12
Let c(o) be the second derivative of 2*o**3/3 - 7*o**2 - 59*o. Determine c(5).
6
Suppose 0*d + 5*d = 375. Let v = 77 - d. Let q(z) = 11*z. What is q(v)?
22
Let o(a) = -a + 3. Let l(z) = z**3 - 8*z**2 + 8*z + 1. Let q be l(7). Let s(v) = -v**2 + 7*v + 10. Let c be s(q). Let t be (0 + c)/(1/(-2)). Determine o(t).
7
Let u(d) = 10*d + d**2 - 3*d**2 - 8*d + 2 - d**3. Let i be 1 + (-1 + -3)/4. Suppose -5*c + 17 = 4*k, i = -4*c - 12 + 32. What is u(k)?
-2
Let t be (-310)/(-18) - 6/27. Suppose 0 = 2*h + 5*w + 14, h - 4*w - t = 2. Let x(q) be the first derivative of -3*q**2/2 + 3*q + 2. Determine x(h).
-6
Let m(i) = -i**2 - 9*i + 3. Let z(g) be the third derivative of g**4/12 - 7*g**3/2 + 6*g**2. Let d be z(6). What is m(d)?
3
Let m(k) = 4*k**3 - k - 1. Let p be 3/(-9)*(15 - 12). Determine m(p).
-4
Let u be (10 + -8)*(0 + 1). Suppose -4*d + 8 = -u*g, -3*g = -0*g + 5*d - 21. Let a(x) = 7 + x - 5 - g. Give a(1).
1
Let x(v) = -7 - v + 10 + 10. Let u(q) = -60*q - 350. Let b be u(-6). What is x(b)?
3
Let i(w) be the third derivative of w**6/4 + w**5/60 - w**4/12 - w**3/2 - 113*w**2 + 3. Give i(-1).
-30
Let y(n) = 2*n - 6 + 9*n + 9*n**3 + 0 + 9*n**2 - 6 - 10*n**3. Give y(10).
-2
Let l(w) = -4*w**2 - 9*w + 5. Let q(o) = -6*o**2 - 17*o + 9. Let t(d) = -5*l(d) + 3*q(d). Let c(v) = v**3 + 9*v**2 + 7*v - 4. Let a be c(-8). Give t(a).
10
Let u = 878 + -877. Let h(v) = -3*v**3 + v - 1. What is h(u)?
-3
Let x(n) = n**2 - n + 1. Let f(l) = -6*l**2 + 4*l - 5. Suppose -k = 2*k - 9. Let p(b) = k*f(b) + 15*x(b). Calculate p(-2).
-6
Let s be (-2 + 3)*(0 + 0). Suppose -4*d - d = -5*p + 50, s = 3*d - p + 26. Let k(a) = -a**2 - 6*a - 2. What is k(d)?
-18
Let i(z) = -z**2 + 2091 - 3*z - 1048 - 1047. Calculate i(-2).
-2
Let a(n) be the second derivative of 0*n**2 + 0 - 1/6*n**3 + 19*n. What is a(-4)?
4
Let x(a) be the first derivative of -2/3*a**3 + 2*a + 1/4*a**4 + 11 + a**2. What is x(2)?
6
Suppose y + t = -2*y + 15, 5*y + t = 23. Let q be 46/(-8) - 1/y. Let u(f) = f**2 + 5*f + 2. What is u(q)?
8
Let k be (-6)/(-27) + 86/18. Suppose -3 - 15 = -9*q. Let m(d) = -6 - 3*d - 5*d**3 - 5*d**q - d**3 + 5*d + 7*d**3. Calculate m(k).
4
Let x be (-2)/6 + 114/18. Let q(d) = 2*d - 3. Let i(z) = 2. Let p(f) = x*i(f) + 2*q(f). What is p(-5)?
-14
Let v(p) be the third derivative of 1/8*p**4 + 0*p + 0 - 21*p**2 + 1/3*p**3. Calculate v(-2).
-4
Let c(i) be the second derivative of -i**4/12 - i**3/2 - 3*i**2/2 - 20*i - 1. Give c(0).
-3
Let u(g) = -g - 3. Suppose -5*d + d = 0. Let l(w) = w**2 - w + 6. Let i be l(d). Suppose y + i = -0*y. Determine u(y).
3
Let d(b) be the first derivative of b**4/4 - b**3 + 3*b**2/2 - 3*b - 1. Suppose 0 = 7*o - 133 + 112. Give d(o).
6
Let j = -49 - -39. Let l be j/(-45) + (-48)/(-27). Let d(q) = q**2 - 2. Let m(r) = 2*r**2 - 4. Let v(t) = -5*d(t) + 3*m(t). Calculate v(l).
2
Let o(v) = -74 + 162 + v**3 - 70 + 17*v + 17*v**2. What is o(-16)?
2
Let j(q) = 4*q**2 - 25 - 14*q**2 + 6*q**2 + 5*q**2 + 4*q. Give j(4).
7
Let c(k) = -1. Let a(b) = -b**2 + b - 16. Let j(s) = 2*s + 4. Let w be j(-3). Let t(d) = w*c(d) + a(d). What is t(0)?
-14
Let a(t) be the second derivative of -t**4/12 + 7*t**3/3 - 2*t**2 + 4*t + 31. Give a(11).
29
Let n = -1408 + 1425. Let r(i) = i**2 - 16*i - 12. Calculate r(n).
5
Let w(f) = f**2 - f - 1. Suppose 0 = -441*t + 444*t + 3. Let g(i) = -i**2 + 9*i + 3. Let m(b) = t*g(b) - 2*w(b). Suppose 5*x + 28 = x. What is m(x)?
-1
Let u(v) = 3*v + 2. Let j be u(-2). Suppose -4*m + 10 = -2. Let o(h) = -30 + 0*h + m*h + 25 + h**2. What is o(j)?
-1
Let o(f) = -f**2 - 12*f - 17. Let n be o(-9). Let i = n + -11. Let w(v) = 0*v**2 - v**2 + v - 2*v**2 + 1. What is w(i)?
-3
Suppose 0 = -h - 4. Let i be h - (-7 - (3 - 0)). Let x(r) = -7 - r**2 + 1 + 0*r**2 + 6*r. Determine x(i).
-6
Let j(o) be the second derivative of o**5/120 + o**4/2 - 2*o**3 - 8*o. Let a(u) be the second derivative of j(u). Calculate a(0).
12
Let z(t) = 2*t + 9. Let n be z(-6). Let j(x) = -21*x - 6. Let m(c) = -29*c - 7. Let i(v) = -4*j(v) + 3*m(v). Determine i(n).
12
Suppose 8*x - 4*x + u = 0, 0 = -u. Suppose x*b - 24 = 4*b. Let z(y) = y**2 + 7*y - 8. Let v(a) = a**2 + 7*a - 9. Let w(g) = -3*v(g) + 4*z(g). Give w(b).
-11
Let h(m) be the second derivative of m**5/30 - m**4/6 - 15*m**3/2 - 7*m - 2. Let z(y) be the second derivative of h(y). Determine z(4).
12
Let a(v) = 152 + 2*v**2 - 179 + 96. Determine a(0).
69
Suppose 3*s + 5 = -1, -4*m + 5*s + 18 = 0. Suppose u + 2 = m*u. Let o(z) = -4*z + 2. What is o(u)?
-6
Let m(c) = 13*c - 7. Let a(t) = -11*t + 6. Let u(v) = -7*a(v) - 6*m(v). Calculate u(6).
-6
Let m(a) = 6*a + 1. Let x(w) = -11*w + 208. Let o be x(19). Determine m(o).
-5
Suppose -15*c + 3 = -12*c. Let t(z) = c - 8*z**2 + z + 4*z**2 - 483*z**3 + 484*z**3. Give t(4).
5
Let b = 1 + 1. Let g(t) = -t**3 + 9*t**2 - 3*t - 1. Let i(x) = -411*x**2 - 3 + 412*x**2 + 1 + 1 + x. Let w(v) = b*i(v) - g(v). What is w(6)?
-7
Suppose z = -18*r + 20*r - 21, 4*r = -2*z - 34. Let j(k) = k**2 + 4*k + 3. Let v be j(-7). Let n = v + z. Let s(b) = b - 10. Determine s(n).
-5
Let q(w) = -2*w + 3. Let y = 33 - -12. Let x be 2/(-10) - (-684)/y. Let s = 20 - x. Give q(s).
-7
Let b be 3 - ((0 - 4) + 4). Let a be (-180)/(-12)*1/b. Let v(o) = o**3 - 4*o**2 - 3*o - 3. What is v(a)?
7
Let t be 9/6 + 14/4. Let h(d) be the second derivative of d**4/12 - d**3/2 + d**2/2 + d. Determine h(t).
11
Suppose -4*x + 3*x = -3. Let s(y) be the second derivative of y**3/3 + 4*y**2 + 2*y. Let t(r) = r + 4. Let l(k) = 3*s(k) - 5*t(k). Calculate l(x).
7
Let d(o) = o**2 + 2. Let y(m) = 2*m**2 + 8*m - 1. Let c(u) = 3*d(u) - y(u). Let g(v) = 13*v - 5. Let a be g(1). Determine c(a).
7
Let o(u) = u**2 + 6*u + 6. Suppose -20 = 5*r - 3*t, -11*r + 3*t + 8 = -13*r. Determine o(r).
-2
Let r(z) = z**3 - 3*z**2 + 3*z - 3. Suppose -2*i - 3*f = -i + 39, 0 = -5*i + f - 275. Let n = -51 - i. Calculate r(n).
6
Suppose 0 = -8*b + b - 42. Let u be ((-8)/b)/((-24)/(-36)). Let y(o) = -2 + 4*o**2 + o**3 - o**2 - 2*o**2. What is y(u)?
10
Let x(p) = -p + 4 + 2 + 5. Let i(z) = -z. Let u = 0 - 0. Let m be i(u). Give x(m).
11
Suppose -5*f + 0*b = -2*b + 4, -2*f + 5*b + 11 = 0. Let u be ((0 - -2) + f)/(11 + -13). Let s(d) = d + 6. What is s(u)?
6
Let u(f) = -f**2 - 5*f + 1. Let m be 2*(2 + -1)*-1. Let d(n) = 11*n + 13*n + 10*n**2 - 4 + 0*n**2 - 4*n**2. Let c(t) = m*d(t) - 11*u(t). Calculate c(5).
7
Let g(j) = -j. Let r(z) = z**3 - 9*z**2 + 2*z + 8. Let k(n) = 5*g(n) - r(n). Calculate k(8).
0
Let y(t) = -3*t**2 + 2. Suppose -41 = -3*r - 32. Suppose r*c + 10 = 8*c. What is y(c)?
-10
Let o(n) = 2*n**2 + 1. Let b = -79 - -82. Calculate o(b).
19
Suppose 2*n = 10*n - 16. Let b(g) = 88*g**n - 4 - 175*g**2 + 82*g**2 - 6*g + g**3. Determine b(6).
-4
Let j(y) = -y**3 + 6*y**2 - 5*y + 3. Let m be j(5). Let c(p) = -2 + 1 - 4*p**m + p**2 - 2*p**3. Suppose 3*a = -r + 2, -3*r = -r - 10. Determine c(a).
6
Let b(n) be the first derivative of -4*n - 1/3*n**3 + 8 + n**2. Give b(3).
-7
Let x(o) be the second derivative of -o**3/3 + 2*o**2 + o - 124. Determine x(1).
2
Let z(t) = 2*t - 9. Let k = -1111 + 1108. Determine z(k).
-15
Let d be 2/(-4) - (-2)/(-4). Let s = d + -4. Let j(p) be the first derivative of p**4/4 + 2*p**3 + 3*p**2/2 - 4*p + 290. Calculate j(s).
6
Let r(b) = -17*b**3 + 56*b**2 + 16*b - 41. Let o(x) = 3*x**3 - 11*x**2 - 3*x + 8. Let q(v) = 11*o(v) + 2*r(v). Calculate q(-9).
15
Let a = 30 + -28. Let w(q) = -5 + a*q + q**2 + 0*q + 5*q**3 + 6. Calculate w(-1).
-5
Let n(v) = -v**2 + 4*v - 2. Suppose 4*c - 8*x = -3*x + 16, -2*c = 3*x - 8. Calculate n(c).
-2
Suppose j = 4*j. Suppose j*u = 6*u + 30. Let f(s) = s**3 + 6*s**2 + 7*s + 7. Calculate f(u).
-3
Let o(k) = -k**3 - 3*k**